 j(16).
-6161
Let t(o) = -o**3 + 16*o**2 - 5*o - 231. Determine t(0).
-231
Let i(f) = f**2 - 577*f + 65693. Determine i(156).
17
Let h(l) = -9385*l - 15948. Determine h(-2).
2822
Let t(n) = -69212*n + 138190. Determine t(2).
-234
Let d(j) = -j**3 + 94*j**2 + 304*j - 378. What is d(97)?
883
Let b(f) = -f**3 + 112*f**2 - 1873*f - 3470. Calculate b(91).
-12
Let u(f) = -3*f**2 + 593*f - 12343. Calculate u(174).
11
Let u(j) = -2*j**2 - 22649*j + 6617413. Give u(285).
-2
Let v(h) = h**2 + 17787*h + 745262. Calculate v(-42).
-28
Let r(l) = l**3 - 8*l**2 + 391*l - 1871. Calculate r(5).
9
Let s(z) = z**3 - 351*z**2 + 18*z - 5953. Give s(351).
365
Let h(s) = 56*s**2 - 41207*s - 6621. Give h(736).
3
Let q(n) = -n**2 - 86*n - 1556. Determine q(-25).
-31
Let x(w) = 13375*w**2 - 40125*w + 5. What is x(3)?
5
Let s(p) = 760*p - 1754. What is s(-1)?
-2514
Let d(q) = 14*q**2 - 1374*q + 13397. Calculate d(11).
-23
Let k(c) = -153*c - 23653. Calculate k(-148).
-1009
Let g(z) = -161*z**2 - 56991*z + 1029. What is g(-354)?
-33
Let q(m) = 346*m + 260. Determine q(2).
952
Let q(d) = -10*d**3 - 2954*d**2 + 1772*d - 1166. Give q(-296).
18
Let w(k) = 84861*k - 1018310. Calculate w(12).
22
Let l(p) = -282*p**2 - 2791*p + 286. Calculate l(-10).
-4
Let j(r) = -r**3 + 17*r**2 - 60*r - 25. Give j(13).
-129
Let y(q) = 98*q**2 - 20*q + 20. Give y(-3).
962
Let l(d) = 5420*d - 48711. Give l(9).
69
Let i(p) = p**3 - 25*p**2 - 903*p + 140. Give i(45).
5
Let l(m) = -1012318*m - 3036948. Give l(-3).
6
Let h(i) = 958*i - 2873. Determine h(3).
1
Let h(v) = -v**3 + 113*v**2 + 186*v - 8019. Calculate h(114).
189
Let k(x) = -12*x**2 - 353*x - 745. What is k(-27)?
38
Let p(b) = 4*b**2 + 635*b - 5010. Determine p(8).
326
Let a(y) = 34*y**2 + 1563*y - 5053. What is a(-49)?
-6
Let q(i) = -5*i**3 - 27*i**2 - 162*i - 727. Give q(-5).
33
Let a(z) = 11*z**3 + 1254*z**2 - 3*z - 43. Determine a(-114).
299
Let g(w) = 2*w**2 + 168*w + 685. Determine g(-6).
-251
Let p(q) = 383*q - 61645. Determine p(161).
18
Let s(h) = -276*h**3 + 22*h**2 - 26*h + 4. Calculate s(1).
-276
Let z(t) = 10*t**2 - 5333*t + 69097. Give z(13).
1458
Let j(z) = 307*z - 9402. Determine j(36).
1650
Let r(o) = -9*o**2 - 1585*o + 14. What is r(-176)?
190
Let k(r) = -4*r**2 + 31998*r - 1589914. Calculate k(50).
-14
Let b(u) = 48*u**2 + 1105*u + 6254. Determine b(-10).
4
Let v(t) = 4*t**3 - 354*t**2 + 179*t - 264. Give v(88).
0
Let i(p) = -63401*p - 824354. Give i(-13).
-141
Let c(x) = -x**3 + 292*x**2 - 7861*x + 250. Calculate c(262).
-12
Let s(g) = -g**3 - 77*g**2 - 414*g + 824. Give s(-71).
-28
Let b(g) = -3811*g - 949032. Give b(-249).
-93
Let k(t) = 7*t**2 + 538*t + 6806. Give k(-16).
-10
Let x(t) = 111*t - 4106. Give x(37).
1
Let u(w) = -644*w + 402480. Give u(625).
-20
Let a(n) = 3*n**2 + 14914*n + 89356. Calculate a(-6).
-20
Let b(h) = -42*h**2 + 421*h + 61. What is b(10)?
71
Let z(r) = -119*r**3 + 1666*r**2 - 8*r + 99. What is z(14)?
-13
Let n(s) = 19*s**2 + 782*s + 8032. Determine n(-21).
-11
Let i(r) = -37*r - 2077. Give i(-58).
69
Let o(s) = 4*s**2 - 29936*s + 119731. Calculate o(4).
51
Let n(l) = -3003433*l + 9010284. Give n(3).
-15
Let l(k) = -1479*k - 6124. Determine l(-4).
-208
Let u(a) = -13*a**2 - 738*a + 160. Calculate u(-57).
-11
Let q(z) = -55*z**3 + 3*z**2 - 6*z - 18. Calculate q(-2).
446
Let i(r) = -5*r**3 + 80*r**2 - 131*r - 123. Give i(14).
3
Let u(o) = 23845*o + 1406728. Calculate u(-59).
-127
Let s(y) = -y**2 - 307*y - 22293. Give s(-118).
9
Let y(r) = -64*r**2 - 2247*r - 102. Determine y(-34).
2312
Let q(o) = -o**3 - 27*o**2 - 5588*o - 144683. Give q(-26).
-71
Let v(t) = t**3 - 156*t**2 - 965*t + 30. What is v(-6)?
-12
Let j(g) = 4221*g - 519208. Give j(123).
-25
Let x(j) = j**3 - 9*j**2 - 547*j + 5733. Calculate x(22).
-9
Let t(c) = 681*c - 248448. What is t(365)?
117
Let t(i) = -2*i**2 - 404485*i - 4044646. What is t(-10)?
4
Let o(g) = -1286*g + 9768. Calculate o(7).
766
Let i(f) = -17*f**2 + 20719*f - 241401. Give i(1207).
-1
Let l(y) = 2*y**2 - 5684*y - 2925420. What is l(-445)?
10
Let q(b) = 1334*b + 257392. What is q(-193)?
-70
Let a(v) = v**2 + 19140*v - 191514. What is a(10)?
-14
Let o(z) = z**2 - 1141*z + 110650. Calculate o(107).
12
Let f(y) = 18352*y + 293640. Determine f(-16).
8
Let r(s) = s**3 - 73*s**2 + 478*s - 62. Give r(7).
50
Let o(k) = -906*k - 410. Calculate o(-1).
496
Let x(g) = -319*g**2 - 130142*g + 4090. Give x(-408).
10
Let z(w) = 1423*w + 1132711. Give z(-796).
3
Let l(q) = -66594*q - 332845. Give l(-5).
125
Let v(p) = -6079*p - 140925. Calculate v(-23).
-1108
Let b(p) = -18*p**3 - 824*p**2 + 171*p + 161. Give b(-46).
759
Let a(k) = 309*k + 26512. What is a(-90)?
-1298
Let q(w) = -10*w**2 - 84*w + 3775. What is q(-24)?
31
Let s(q) = -13*q**2 + 476*q + 187. Calculate s(37).
2
Let m(f) = -f**2 + 1795*f + 10796. Give m(-6).
-10
Let g(k) = -k**2 + 1764*k + 24292. Give g(-14).
-600
Let w(y) = 2*y**3 + 157*y**2 + 80*y - 210. What is w(-78)?
-366
Let r(g) = 348*g**2 + 1379*g + 2762. Give r(-2).
1396
Let j(q) = 4163*q - 628624. Determine j(151).
-11
Let l(f) = 266*f**2 - 5267*f - 1055. Determine l(20).
5
Let d(i) = -i**2 - 1277*i - 177767. What is d(-1118)?
-5
Let x(g) = -29137*g + 58355. What is x(2)?
81
Let r(h) = -483715*h - 6772024. Give r(-14).
-14
Let z(r) = r**3 - 859*r**2 - 1683*r - 33579. Determine z(861).
0
Let h(a) = 2*a**2 + 1145*a - 19544. What is h(18)?
1714
Let q(x) = x**3 + 18*x**2 - 94*x - 1249. Give q(-11).
632
Let y(n) = 43291*n + 4112671. What is y(-95)?
26
Let l(q) = 649*q + 120739. Calculate l(-186).
25
Let g(n) = 91570*n + 1281979. Give g(-14).
-1
Let q(p) = 47*p**2 - 968*p + 565. Give q(20).
5
Let j(y) = -22*y**3 - 6*y**2 + 133*y - 384. What is j(3)?
-633
Let y(n) = 10*n**2 - 317*n - 835. What is y(34)?
-53
Let p(k) = 254989*k - 6119731. What is p(24)?
5
Let m(b) = -3*b**3 + 4*b**2 + 131*b - 85. Give m(7).
-1
Let s(p) = -1770*p - 322. Calculate s(-1).
1448
Let d(f) = -29237*f - 6753730. Determine d(-231).
17
Let r(n) = -3*n**2 - 747*n + 23299. Determine r(28).
31
Let q(g) = 30845*g + 5490422. Calculate q(-178).
12
Let f(s) = 953*s - 300151. What is f(315)?
44
Let c(y) = 25*y**3 - 8847*y**2 - 1066*y + 1404. Calculate c(354).
-12
Let g(q) = -1078*q - 20345. What is g(-19)?
137
Let h(s) = -1641*s + 14889. Give h(9).
120
Let y(z) = 2*z**2 + 98*z - 11446. Determine y(55).
-6
Let b(f) = f**2 - 2008*f + 23924. Determine b(12).
-28
Let f(p) = 417*p**2 + 31509*p - 13913. Determine f(-76).
-5
Let r(i) = -2*i**3 + 61*i**2 - 144*i + 65. Calculate r(28).
-47
Let s(q) = -260*q - 3868. Calculate s(-14).
-228
Let n(i) = -3125*i - 718715. What is n(-230)?
35
Let w(b) = -56*b**3 + 386*b**2 + 1521*b - 7. Calculate w(-4).
3669
Let g(m) = 2*m**2 - 45041*m + 180155. Give g(4).
23
Let a(l) = l**2 + 11*l - 919. Calculate a(-20).
-739
Let t(i) = -354*i + 1214. What is t(4)?
-202
Let d(t) = -26*t - 3343. Calculate d(-87).
-1081
Let h(y) = y**3 + 103*y**2 + 1337*y + 1460. Give h(-88).
-36
Let j(l) = -l**2 + 1275*l + 38994. Determine j(-30).
-156
Let v(f) = 36*f**2 + 934*f + 3125. What is v(-22)?
1
Let f(m) = 2*m**3 - 138*m**2 - 78*m + 5355. What is f(69)?
-27
Let s(x) = 2*x**2 - 85*x + 821. Give s(35).
296
Let k(o) = o**3 - 5*o**2 - 1475*o - 8761. Determine k(-6).
-307
Let c(m) = 118*m**2 - 3652*m - 32. Determine c(31).
154
Let t(n) = -2*n**2 + 2011*n - 159487. Give t(87).
332
Let t(g) = 3101*g**2 + 15524*g + 21. Calculate t(-5).
-74
Let a(y) = 119*y**2 + 17738*y + 794. What is a(-149)?
-249
Let v(j) = 6296*j + 18699. Give v(-3).
-189
Let l(t) = -t**3 + 322*t**2 + 9719*t - 2256. Calculate l(-28).
12
Let k(z) = 37*z**2 - 24*z - 60. Give k(-3).
345
Let n(y) = y**3 - 83*y**2 + 296*y - 8. Give n(4).
-88
Let g(l) = 208*l**2 + 4395*l + 564. Calculate g(-21).
-3
Let a(m) = -1173*m + 25323. What is a(21)?
690
Let h(d) = 171*d**2 + 2900*d + 21. What is h(-17)?
140
Let y(g) = -505*g + 4778. Calculate y(15).
-2797
Let n(r) = -8376*r - 142379. Give n(-17).
13
Let p(h) = 21102*h - 4114876. What is p(195)?
14
Let v(f) = 215*f**3 + f**2 - 1146*f - 2292. Give v(-2).
-1716
Let j(c) = 1036*c - 12448. What is j(12)?
-16
Let n(f) = -f**2 + 35*f + 2466. What is n(-34)?
120
Let m(q) = -q**2 + 24404*q - 4. What is m(0)?
-4
Let k(i) = -36*i**2 + 9434*i - 524. Determine k(262).
0
Let g(u) = -7*u**2 - 175*u + 2